2?
338
Calculate the highest common factor of 468 and 2412.
36
Calculate the greatest common factor of 217 and 3503.
31
Calculate the greatest common factor of 57 and 664677.
57
Calculate the greatest common factor of 366672 and 16.
16
Calculate the highest common factor of 1947 and 1009195.
649
What is the highest common divisor of 87 and 19803?
3
Calculate the highest common divisor of 626 and 315817.
313
Calculate the highest common factor of 36397 and 102.
17
Calculate the greatest common factor of 12035 and 332.
83
What is the highest common factor of 161 and 10081337?
161
What is the highest common factor of 3508248 and 1016?
1016
Calculate the highest common factor of 882 and 80010.
126
What is the highest common divisor of 1757 and 2219?
7
Calculate the greatest common divisor of 579 and 13703.
193
Calculate the greatest common divisor of 5215 and 70.
35
Calculate the greatest common factor of 1232 and 37422.
154
Calculate the greatest common factor of 4648 and 140.
28
What is the highest common factor of 1323 and 3618?
27
What is the greatest common divisor of 3498780 and 60?
60
Calculate the greatest common divisor of 360 and 31530.
30
Calculate the highest common divisor of 4730 and 72670.
430
Calculate the greatest common factor of 17512 and 136.
8
Calculate the highest common factor of 9 and 178938.
9
Calculate the highest common factor of 25542 and 3762.
198
Calculate the greatest common factor of 460 and 187540.
20
What is the highest common divisor of 12271 and 175?
7
What is the greatest common factor of 5 and 3130?
5
Calculate the greatest common factor of 1600 and 18100.
100
Calculate the highest common divisor of 8235 and 72.
9
What is the highest common factor of 11 and 6031718?
11
Calculate the greatest common divisor of 41032 and 1288.
184
What is the greatest common factor of 8520 and 130072?
568
Calculate the greatest common factor of 7 and 28196.
7
Calculate the highest common factor of 700 and 90.
10
Calculate the highest common factor of 45 and 409320.
45
Calculate the highest common divisor of 336 and 329.
7
What is the greatest common divisor of 4672 and 16936?
584
Calculate the greatest common factor of 905 and 474401.
181
Calculate the greatest common factor of 13108 and 14464.
452
Calculate the greatest common divisor of 1836570 and 2610.
870
What is the greatest common divisor of 4399 and 249?
83
What is the highest common divisor of 4770074 and 362?
362
Calculate the highest common factor of 2622379 and 657.
73
What is the highest common factor of 5729 and 1241?
17
Calculate the highest common factor of 605 and 19415.
55
Calculate the highest common factor of 29274 and 63.
21
Calculate the highest common divisor of 200 and 23020.
20
Calculate the greatest common factor of 6372970 and 10.
10
Calculate the highest common divisor of 204996 and 132.
132
Calculate the highest common divisor of 138159 and 11696.
731
What is the highest common factor of 872 and 648?
8
Calculate the highest common factor of 945857 and 242.
121
Calculate the highest common factor of 32 and 303536.
16
What is the greatest common factor of 84651 and 28?
7
What is the highest common divisor of 16 and 5129680?
16
Calculate the greatest common factor of 20 and 222600.
20
Calculate the highest common factor of 891 and 9207.
297
Calculate the greatest common factor of 1307904 and 1.
1
Calculate the highest common factor of 80 and 135.
5
Calculate the highest common factor of 81697 and 385.
77
What is the greatest common factor of 10 and 1646?
2
Calculate the highest common divisor of 144 and 76536.
72
Calculate the highest common divisor of 632 and 87392.
8
What is the greatest common factor of 56336 and 336?
112
What is the highest common divisor of 1644 and 1020?
12
Calculate the highest common factor of 2311 and 28806615.
2311
Calculate the greatest common divisor of 406 and 409248.
406
Calculate the highest common divisor of 989947 and 6356.
1589
What is the greatest common factor of 4 and 1976532?
4
Calculate the highest common factor of 2046 and 3782.
62
What is the greatest common divisor of 5415 and 75?
15
Calculate the highest common divisor of 23498 and 155.
31
Calculate the highest common divisor of 513 and 760.
19
Calculate the greatest common divisor of 392 and 78328.
8
Calculate the highest common divisor of 72 and 234.
18
What is the greatest common divisor of 339 and 83055?
339
Calculate the highest common divisor of 3329 and 13.
1
Calculate the highest common divisor of 15363 and 108.
27
What is the greatest common divisor of 21 and 362369?
7
Calculate the highest common divisor of 312 and 4187352.
312
What is the greatest common divisor of 366130 and 170?
10
Calculate the greatest common factor of 56366 and 4.
2
What is the greatest common factor of 491 and 134534?
491
What is the greatest common divisor of 22325 and 1159?
19
What is the highest common divisor of 1134 and 12159?
63
Calculate the greatest common factor of 391 and 7613.
23
What is the highest common factor of 4026 and 1914?
66
What is the greatest common factor of 239 and 1059?
1
Calculate the highest common factor of 91 and 1211.
7
What is the greatest common divisor of 4895 and 22275?
55
Calculate the highest common divisor of 67140 and 6795.
45
Calculate the greatest common divisor of 57 and 554.
1
What is the highest common divisor of 1207 and 34719?
71
What is the greatest common divisor of 455 and 118853?
7
Calculate the highest common factor of 64715 and 185115.
1505
What is the highest common factor of 262 and 6350749?
131
Calculate the highest common divisor of 45205 and 65.
5
Calculate the greatest common factor of 333 and 361083.
111
Calculate the highest common divisor of 404 and 594.
2
Calculate the highest common divisor of 1911816 and 4.
4
What is the greatest common divisor of 596755 and 123?
41
What is the highest common factor of 294 and 61838?
98
Calculate the highest common factor of 1131 and 143.
13
What is the highest common factor of 56896 and 34944?
448
What is the highest common divisor of 32038 and 18914?
386
What is the highest common factor of 121597 and 203?
203
Calculate the greatest common divisor of 6525 and 4176.
261
Calculate the greatest common divisor of 6712006 and 14.
14
Calculate the greatest common factor of 205 and 254241.
41
What is the greatest common divisor of 214776 and 108?
36
What is the greatest common divisor of 302 and 97697?
151
What is the greatest common divisor of 9499 and 182?
7
Calculate the greatest common factor of 996000 and 1577.
83
What is the highest common factor of 95956 and 56?
28
What is the greatest common divisor of 54436 and 3596?
124
Calculate the greatest common divisor of 168988 and 747.
83
What is the highest common divisor of 2922616 and 8?
8
Calculate the highest common divisor of 47583 and 38253.
933
What is the highest common factor of 104604 and 897?
69
Calculate the greatest common divisor of 819 and 13650.
273
What is the highest common divisor of 5 and 3121?
1
Calculate the highest common factor of 23920 and 56.
8
What is the greatest common factor of 204 and 8940?
12
Calculate the highest common factor of 5 and 1161910.
5
What is the greatest common factor of 1406 and 817?
19
What is the greatest common divisor of 140 and 6524?
28
Calculate the greatest common divisor of 9688 and 2912.
56
What is the greatest common factor of 2893 and 28667?
263
What is the highest common divisor of 12 and 16149108?
12
What is the highest common divisor of 2330 and 3761086?
466
What is the highest common factor of 43 and 9718?
43
Calculate the highest common divisor of 816 and 4272.
48
Calculate the highest common factor of 11440 and 14729.
143
What is the highest common divisor of 285 and 3021?
57
Calculate the highest common divisor of 860 and 6080.
20
Calculate the highest common factor of 80700 and 12900.
300
Calculate the highest common divisor of 16 and 1152704.
16
Calculate the greatest common factor of 76 and 354806.
38
What is the greatest common factor of 41194 and 4988?
86
Calculate the greatest common factor of 490653 and 9.
9
Calculate the greatest common factor of 3862047 and 21.
21
What is the highest common divisor of 143136 and 8352?
288
Calculate the greatest common divis